{"id":15,"date":"2015-03-09T18:16:59","date_gmt":"2015-03-09T17:16:59","guid":{"rendered":"http:\/\/haller.pmachinery.de\/wordpress\/?page_id=15"},"modified":"2018-05-29T09:26:13","modified_gmt":"2018-05-29T08:26:13","slug":"die-veroeffentlichungen","status":"publish","type":"page","link":"https:\/\/haller.pmachinery.de\/wordpress\/die-veroeffentlichungen","title":{"rendered":"Publikationen"},"content":{"rendered":"<p>Hier werden wir nach und nach die bislang erschienenen Publikationen des HALLER beschreiben.<br \/>\nDie zuk\u00fcnftigen Ver\u00f6ffentlichungen finden sich dann hier nat\u00fcrlich auch.<\/p>\n","protected":false},"excerpt":{"rendered":"<p>Hier werden wir nach und nach die bislang erschienenen Publikationen des HALLER beschreiben. Die zuk\u00fcnftigen Ver\u00f6ffentlichungen finden sich dann hier nat\u00fcrlich auch.<\/p>\n","protected":false},"author":1,"featured_media":0,"parent":0,"menu_order":3000,"comment_status":"closed","ping_status":"closed","template":"","meta":{"footnotes":""},"class_list":["post-15","page","type-page","status-publish","hentry"],"_links":{"self":[{"href":"https:\/\/haller.pmachinery.de\/wordpress\/wp-json\/wp\/v2\/pages\/15","targetHints":{"allow":["GET"]}}],"collection":[{"href":"https:\/\/haller.pmachinery.de\/wordpress\/wp-json\/wp\/v2\/pages"}],"about":[{"href":"https:\/\/haller.pmachinery.de\/wordpress\/wp-json\/wp\/v2\/types\/page"}],"author":[{"embeddable":true,"href":"https:\/\/haller.pmachinery.de\/wordpress\/wp-json\/wp\/v2\/users\/1"}],"replies":[{"embeddable":true,"href":"https:\/\/haller.pmachinery.de\/wordpress\/wp-json\/wp\/v2\/comments?post=15"}],"version-history":[{"count":0,"href":"https:\/\/haller.pmachinery.de\/wordpress\/wp-json\/wp\/v2\/pages\/15\/revisions"}],"wp:attachment":[{"href":"https:\/\/haller.pmachinery.de\/wordpress\/wp-json\/wp\/v2\/media?parent=15"}],"curies":[{"name":"wp","href":"https:\/\/api.w.org\/{rel}","templated":true}]}}